= 4*k**3 - 18*k**2 + 17*k - 9. What are the prime factors of c(b)?
3, 11, 31
Suppose 0 = -0*q + 5*q + 15, -3*q = 5*g + 14. Let w(r) = 30*r. Let h(d) = d. Let n(x) = g*w(x) + 4*h(x). List the prime factors of n(-4).
2, 13
Let h(v) = -12*v**2 + 822*v + 106. What are the prime factors of h(66)?
2, 7, 149
Suppose 4*t + 29 = -19. Let g be (-2 - (0 + -2))*(-6)/t. Suppose -v - 4 + 7 = g. List the prime factors of v.
3
Let j be 2/2 - -15*(-624)/(-18). Let r = -38 + j. List the prime factors of r.
3, 7, 23
Suppose -3*k - 4670 = -0*c + 2*c, -3*c = -5*k - 7796. Let t = k - -2372. List the prime factors of t.
2, 11, 37
Let f(w) = -w**3 - 8*w**2 - 6*w + 5. Let j be f(-6). Suppose -3*p + 5*x + 159 = 0, p + 21 = 5*x + 64. Let n = j + p. List the prime factors of n.
3
Let w(y) = 224*y**2 - 7*y - 1. Let p(h) = 74*h**2 + 50*h + 150*h**2 - 58*h. Let z(v) = -2*p(v) + 3*w(v). What are the prime factors of z(-1)?
2, 113
Suppose -24*q + 8007 = q - 8993. List the prime factors of q.
2, 5, 17
Let w(u) be the second derivative of -u**3/2 - 19*u**2/2 + 11*u. Let v be w(-8). Suppose -320 = -v*m + m - 4*d, d = 2. What are the prime factors of m?
2, 3, 13
Let p = -27 + 197. Let k = 92 + p. What are the prime factors of k?
2, 131
Let a(i) be the first derivative of -13*i**2/2 + 24*i + 61. What are the prime factors of a(-6)?
2, 3, 17
Suppose -4*w + 761 = 53. Let r = w + 294. List the prime factors of r.
3, 157
Suppose 2*j - 12 = -0*j. Let m be (12/15)/((-4)/(-60)*j). Suppose m*b - 174 = -b. List the prime factors of b.
2, 29
Let s(q) = -62*q + 3. Let v be (-1*1)/(-1 + (-4)/(-2)). Let o be s(v). Suppose 4*d - 5*j = 257, 5*d - 3*j - 253 = o. What are the prime factors of d?
3, 7
Let x be (-3936)/(-112)*(-6 - 1). Let q = 634 - 260. Let h = x + q. What are the prime factors of h?
2
Let v = 637 - 430. Let f = 98 - v. Let u = 193 + f. List the prime factors of u.
2, 3, 7
Suppose -4*r + 10 = -2*r. Suppose -3*z = 6, -m = -5*m + z + 62. List the prime factors of 296*(m/r)/6.
2, 37
Suppose -4*y = 4*j + 68, -2*y + 42 = -0*j - 2*j. Let g(v) be the second derivative of -v**3 + 3*v**2/2 - 7*v. List the prime factors of g(j).
3, 13
Let o(w) = 6*w + 3. Let s be o(-2). Let g = s + 13. Suppose -140 = -4*q - 2*n, -3*n = -g*q + 67 + 83. What are the prime factors of q?
2, 3
Suppose 9*b - 17*b - 144 = 0. List the prime factors of (-42592)/(-144) + (-4)/b.
2, 37
Let k(a) = a**2 - 16 - 5*a - 9*a + a**2. Suppose 0 = -26*x - 26*x + 572. List the prime factors of k(x).
2, 3
Let m = 8980 - 3540. What are the prime factors of m?
2, 5, 17
Let g = -4474 - -6103. List the prime factors of g.
3, 181
Suppose -19*g - 204 = -18*g. List the prime factors of (0 - g/(-15))*-15.
2, 3, 17
Let r(z) = -z**2 + 3*z + 15. Let j be r(5). Suppose 260 = j*q - q. Suppose 3*k + 5*n = q, 4*n - 84 = -k - 3*k. List the prime factors of k.
2, 5
Let h = -302 - -462. Let p be (-8)/(h/12)*-10*1. Suppose 0 = -r - p*r + 315. List the prime factors of r.
3, 5
Let j(n) = 6*n - 10. Let d(s) = -11*s + 20. Suppose -16 = 5*r + 9. Let v(y) = r*j(y) - 3*d(y). What are the prime factors of v(18)?
2, 11
Suppose 0 = 49*k - 18909 - 22349. List the prime factors of k.
2, 421
What are the prime factors of 1422*-24*(-16)/288?
2, 3, 79
Let q = 1011 - -168. Suppose -2*i - i + q = 0. Suppose 63 = 4*m - i. List the prime factors of m.
2, 3, 19
Suppose 0*v - 20 = -v + 2*a, 2*v = -5*a + 13. Let o = -14 + v. Suppose o = -0*k - 2*k + w + 157, -k + w = -78. What are the prime factors of k?
79
Let m(q) = q + 4. Suppose 4*g = 4*k - 56, 4*g - g = 2*k - 28. Let n be m(k). Let r = 259 + n. List the prime factors of r.
277
What are the prime factors of (28 + -102)*(-163)/2?
37, 163
Suppose 5*m = -4*n + 2340, 91*n = 5*m + 86*n - 2295. What are the prime factors of -2 + m/24*15?
2, 3
Let u = -54 - -29. Let t be 42 + (-1 - 3 - -5). Let i = u + t. List the prime factors of i.
2, 3
Suppose 130228 = -148*m + 3085492. List the prime factors of m.
2, 3, 13
Suppose 199221 = -42583*n + 42594*n. What are the prime factors of n?
3, 6037
Suppose 4*l + 3*l = 21. Suppose -2*u = 2*u + 8, -l*i = 3*u - 258. List the prime factors of i.
2, 11
Let s(n) = -4*n**2 - 49*n - 6. Let r be s(-22). Let a = -475 - r. What are the prime factors of a?
389
Let b = -78 + 118. Suppose y + b = 46. List the prime factors of y.
2, 3
Suppose -26*g = 84*g - 103510. List the prime factors of g.
941
Let q(y) = -16*y - 5. Let p be q(-3). Let o = p - 38. Suppose -5*u + 519 = -4*w, w - o*w = 4. List the prime factors of u.
103
Let h(a) = -7*a**2 - 9*a + 49. Let y(f) = -4*f**2 - 4*f + 25. Let n(i) = -3*h(i) + 5*y(i). Suppose 2*z = -3*z - 50. What are the prime factors of n(z)?
2
What are the prime factors of (-29948)/(8/(-4)) + 2 + 0 + 3?
3, 4993
Let y = 7678 + -2549. What are the prime factors of y?
23, 223
Suppose 2257*n - 2107*n = 7159350. What are the prime factors of n?
11, 4339
Suppose -38*w - 115 = -39*w. Suppose -6741 = 108*z - w*z. What are the prime factors of z?
3, 107
Let m = -34 + 39. Suppose -5*d + m*q = 52 - 22, d = -5*q + 12. List the prime factors of 4 + (4 - (d + -37)).
2, 3
Let w = 9617 - 5378. List the prime factors of w.
3, 157
Suppose 3*p = 5*y - 13, -7*p + 30 = 2*y - 2*p. Let d(o) = o + 2 - 4 + y. List the prime factors of d(13).
2
Let f(q) = -q**2 - 5*q + 17. Let r be 35/(-15)*(4 + -1). Let g be f(r). Suppose g*p - 61 - 38 = 0. What are the prime factors of p?
3, 11
Let q(c) = 4*c + 98. Let y be q(-19). Let o = y + 128. List the prime factors of o.
2, 3, 5
Suppose 4*j = b - 15117, -4*b - 60430 = -8*b - 3*j. What are the prime factors of b?
29, 521
Let i(u) be the first derivative of -2*u**2 - 26*u + 39. Let h be i(12). Let m = h + 90. What are the prime factors of m?
2
Let r(g) = -2*g**2 - 5*g - 24. Let w be r(-7). Let o = 90 + w. Suppose 114 = o*h - 375. What are the prime factors of h?
163
Let q(d) = 22*d + 3. Suppose -2*k - k + z = -114, 0 = k - 3*z - 30. Let j = 41 - k. List the prime factors of q(j).
47
Let h = 263 + -251. Suppose 2*m = h*m - 3050. List the prime factors of m.
5, 61
Suppose -4*v - 8288 = 33*w - 35*w, -8320 = -2*w - 4*v. What are the prime factors of w?
2, 3, 173
Let j(b) = b**3 + 54*b**2 + 273*b - 99. What are the prime factors of j(-46)?
4271
Suppose -4*h + 98732 = 2*d, -17*d - 197386 = -21*d + 5*h. List the prime factors of d.
2, 24677
Suppose 18*d - 6*d + 192 = 0. Let q(x) = -x**3 - 16*x**2 - 25*x + 12. What are the prime factors of q(d)?
2, 103
Let r = 309 + -278. Suppose -25*q - 4404 = -r*q. What are the prime factors of q?
2, 367
Suppose -2*m + 1986 + 1465 = d, -5*d - 1731 = -m. What are the prime factors of m?
2, 863
Let m = 0 - 0. Suppose 4*w = 16*x - 14*x + 10, -4*w = 3*x - 15. Suppose 4*j + 24 = 2*d - m*d, -w*d + 2*j = -28. List the prime factors of d.
2
Let s(r) = -2*r**3 - 272*r**2 + 134*r - 911. What are the prime factors of s(-137)?
18269
Let z = -271 + 276. Suppose 2*q - p - 262 - 3136 = 0, z*q = 4*p + 8501. What are the prime factors of q?
1697
Let r = 34 - 35. Let z(p) = -69*p + 5. Let m be z(r). What are the prime factors of -4 - (4 + (3 - m))?
3, 7
Let m(u) = 141*u + 32. Suppose 4*s - 3*s = f + 1, 4*f = -2*s + 14. List the prime factors of m(s).
5, 7, 13
Let p(y) be the second derivative of 25*y**4/12 + 11*y**3/6 - 7*y**2/2 + 19*y - 1. What are the prime factors of p(-3)?
5, 37
Let c(g) = g**2 + 324. What are the prime factors of c(18)?
2, 3
Let s(y) = -y**3 + 5*y**2 + 7*y - 16. Let j = -58 - -50. Let h be s(j). Suppose 4*a = -4*n + h, 7*n = 9*n - 5*a - 352. List the prime factors of n.
2, 3, 31
Let n = 32228 - 22191. What are the prime factors of n?
10037
Let w(v) = 9 + 2 - v**2 - 22*v + 2 - 1. Let d be w(-15). Let o = 170 - d. What are the prime factors of o?
53
Let u be ((-20)/(-16))/(2/112*2). Let x = u + -33. Let p = 25 + x. What are the prime factors of p?
3
Let w(u) = -2*u**3 - u**2 - 6*u - 10. Let r be w(-2). Suppose 1111 + 4769 = r*z. List the prime factors of z.
2, 3, 5, 7
Suppose 0 = 21*g - 19*g - 24. Let h(f) = -2*f**2 + 24*f + 20. What are the prime factors of h(g)?
2, 5
Suppose 421496 = -28*i + 48*i + 27*i. List the prime factors of i.
2, 19, 59
Let z(k) = -15 - 637*k - 25 + 47. List the prime factors of z(-1).
2, 7, 23
Let n be 113 - (1 + 1)*2. Suppose -3*z + n = 3*l - 140, -l - 337 = -4*z. What are the prime factors of z